ulate the remainder when 2513369 is divided by 46.
21
Calculate the remainder when 2856140 is divided by 110.
100
What is the remainder when 37799 is divided by 36882?
917
What is the remainder when 903335 is divided by 180660?
35
Calculate the remainder when 20249919 is divided by 425.
369
What is the remainder when 578041 is divided by 82577?
2
Calculate the remainder when 4027 is divided by 437.
94
What is the remainder when 15813 is divided by 2220?
273
Calculate the remainder when 1175894 is divided by 2820.
2774
Calculate the remainder when 221847 is divided by 110899.
49
Calculate the remainder when 1714 is divided by 1471.
243
Calculate the remainder when 117192 is divided by 2490.
162
What is the remainder when 10193541 is divided by 10?
1
What is the remainder when 313634177 is divided by 242?
241
Calculate the remainder when 16039022 is divided by 639.
122
Calculate the remainder when 1051002 is divided by 14597.
18
Calculate the remainder when 65159203 is divided by 3594.
3577
What is the remainder when 336812 is divided by 25905?
47
Calculate the remainder when 17823182 is divided by 117.
104
Calculate the remainder when 2588718 is divided by 2328.
2310
What is the remainder when 43354 is divided by 21437?
480
What is the remainder when 6290574 is divided by 1773?
1743
Calculate the remainder when 54188 is divided by 27039.
110
Calculate the remainder when 125959 is divided by 947.
8
What is the remainder when 37648 is divided by 1371?
631
What is the remainder when 67229 is divided by 18466?
11831
What is the remainder when 43627640 is divided by 347?
24
What is the remainder when 23364 is divided by 1244?
972
Calculate the remainder when 10884623 is divided by 22.
13
Calculate the remainder when 232077 is divided by 1250.
827
Calculate the remainder when 643537 is divided by 3283.
69
Calculate the remainder when 21473178 is divided by 55343.
94
Calculate the remainder when 5703033 is divided by 107600.
233
What is the remainder when 40624142 is divided by 20312068?
6
What is the remainder when 236897328 is divided by 406?
388
Calculate the remainder when 187654697 is divided by 4158.
4157
Calculate the remainder when 875065 is divided by 1087.
30
Calculate the remainder when 178988365 is divided by 476.
465
What is the remainder when 9751967 is divided by 597?
569
What is the remainder when 217425 is divided by 3345?
0
Calculate the remainder when 153163 is divided by 1208.
955
What is the remainder when 44942 is divided by 181?
54
Calculate the remainder when 1834754 is divided by 208.
194
Calculate the remainder when 61538 is divided by 774.
392
Calculate the remainder when 1281252746 is divided by 7010.
7006
Calculate the remainder when 60288 is divided by 51780.
8508
Calculate the remainder when 8674699 is divided by 542.
531
What is the remainder when 1181812 is divided by 1244?
12
Calculate the remainder when 1157169 is divided by 105196.
13
Calculate the remainder when 17873788 is divided by 5503.
44
Calculate the remainder when 1041591 is divided by 7134.
27
What is the remainder when 5228705 is divided by 53?
43
Calculate the remainder when 6236336 is divided by 69.
47
Calculate the remainder when 145455 is divided by 36022.
1367
Calculate the remainder when 158805108 is divided by 759833.
11
What is the remainder when 67947600 is divided by 242670?
0
What is the remainder when 3154963 is divided by 36?
31
What is the remainder when 9682735 is divided by 645?
640
What is the remainder when 1187430 is divided by 459?
456
Calculate the remainder when 2604627 is divided by 2379.
2001
What is the remainder when 52544 is divided by 474?
404
Calculate the remainder when 146058135 is divided by 125.
10
Calculate the remainder when 2497632 is divided by 118934.
18
What is the remainder when 13182036 is divided by 473?
472
Calculate the remainder when 2724446 is divided by 14415.
11
What is the remainder when 9987502 is divided by 1108?
1098
What is the remainder when 5788 is divided by 437?
107
What is the remainder when 76989507 is divided by 2990?
2987
Calculate the remainder when 2903283 is divided by 6.
3
What is the remainder when 198479 is divided by 3400?
1279
Calculate the remainder when 70741 is divided by 4416.
85
Calculate the remainder when 242616 is divided by 2694.
156
What is the remainder when 10667256 is divided by 14?
12
What is the remainder when 103935 is divided by 49146?
5643
Calculate the remainder when 136924 is divided by 12443.
51
Calculate the remainder when 26013292 is divided by 35.
32
Calculate the remainder when 2019299 is divided by 317.
9
What is the remainder when 94617268 is divided by 682?
680
What is the remainder when 596876 is divided by 24597?
6548
What is the remainder when 19119454 is divided by 47325?
154
What is the remainder when 1923132 is divided by 86?
0
Calculate the remainder when 2982912 is divided by 93216.
0
Calculate the remainder when 4722 is divided by 2860.
1862
Calculate the remainder when 51016883 is divided by 2951.
2946
What is the remainder when 169779 is divided by 4353?
12
What is the remainder when 46361 is divided by 510?
461
Calculate the remainder when 63682 is divided by 710.
492
What is the remainder when 22180456 is divided by 577?
576
Calculate the remainder when 60797 is divided by 479.
443
Calculate the remainder when 15063 is divided by 7525.
13
What is the remainder when 433711 is divided by 108347?
323
What is the remainder when 357621 is divided by 3459?
1344
What is the remainder when 4515841 is divided by 701?
700
What is the remainder when 127679381 is divided by 43?
40
What is the remainder when 71178 is divided by 2736?
42
Calculate the remainder when 7048768 is divided by 587.
72
What is the remainder when 15664071 is divided by 1379?
10
Calculate the remainder when 36022740 is divided by 88291.
12
What is the remainder when 78036 is divided by 4530?
1026
Calculate the remainder when 2618276 is divided by 1566.
1490
Calculate the remainder when 1564338 is divided by 301.
41
Calculate the remainder when 15580383 is divided by 86.
21
Calculate the remainder when 2998701 is divided by 237.
177
Calculate the remainder when 1221508 is divided by 14541.
64
Calculate the remainder when 25833455 is divided by 2082.
2081
Calculate the remainder when 104101789 is divided by 34700595.
4
Calculate the remainder when 1862206 is divided by 518.
514
What is the remainder when 8819123 is divided by 6616?
6611
Calculate the remainder when 19755468 is divided by 897975.
18
Calculate the remainder when 156509 is divided by 12036.
41
Calculate the remainder when 20502896 is divided by 1193.
1191
Calculate the remainder when 6087599 is divided by 335.
314
Calculate the remainder when 964923 is divided by 617.
552
Calculate the remainder when 1545892 is divided by 1823.
1811
What is the remainder when 75312 is divided by 359?
281
Calculate the remainder when 115317 is divided by 38438.
3
Calculate the remainder when 137264234 is divided by 15.
14
Calculate the remainder when 1016682 is divided by 127084.
10
What is the remainder when 1783422 is divided by 31?
23
What is the remainder when 8729134 is divided by 117?
115
What is the remainder when 1307539 is divided by 1307511?
28
Calculate the remainder when 173151 is divided by 5570.
481
What is the remainder when 1155925 is divided by 31241?
8
What is the remainder when 210294095 is divided by 17589?
11
Calculate the remainder when 156239 is divided by 297.
17
Calculate the remainder when 2034370 is divided by 180.
10
What is the remainder when 12416537 is divided by 2483305?
12
Calculate the remainder when 661491 is divided by 3.
0
What is the remainder when 1343246 is divided by 149192?
518
What is the remainder when 7394698 is divided by 917?
10
What is the remainder when 2608986 is divided by 470?
16
What is the remainder when 75064 is divided by 14978?
174
What is the remainder when 4463859 is divided by 920?
19
Calculate the remainder when 8649871 is divided by 163204.
59
Calculate the remainder when 142318977 is divided by 90.
87
Calculate the remainder when 1633471 is divided by 1904.
1743
Calculate the remainder when 140888 is divided by 2108.
1760
What is the remainder when 224572 is divided by 1826?
